{"id":2613,"date":"2022-01-28T11:17:57","date_gmt":"2022-01-28T11:17:57","guid":{"rendered":"http:\/\/www.kunst-en-zwalm.be\/wordpress\/?page_id=2613"},"modified":"2022-01-28T11:17:58","modified_gmt":"2022-01-28T11:17:58","slug":"archief-partners-1997-2011","status":"publish","type":"page","link":"https:\/\/www.kunst-en-zwalm.be\/wordpress\/vorige-edities\/archief-partners-1997-2011\/","title":{"rendered":"[ARCHIEF] Partners 1997-2011"},"content":{"rendered":"\n<p><strong>With the collaboration of \/ In samenwerking met<\/strong><\/p>\n\n\n\n<ul class=\"wp-block-list\"><li>Cabinet d&#8217;Art Contemporain, Brussels<\/li><li>De Kaaihoeve, provinciaal natuureducatief centrum, Zwalm<\/li><li>Departement Leefmilieu en Infrastructuur van de Vlaamse Gemeenschap, afdeling water<\/li><li>Galerie Duchamp, Yvetot, France<\/li><li>Fundacio Espais d&#8217;art contemporani, Girona<\/li><li>Netwerk \/centrum voor hedendaagse kunst, Aalst<\/li><li>l&#8217;Orangerie espace d&#8217;art contemporain, Bastogne<\/li><li>Service d&#8217;animation culturelle r\u00e9gionale (Nord) du Minist\u00e8re de la Culture, de l&#8217;Enseignement Sup\u00e9rieur et de la Recherche du Grand-Duch\u00e9 de Luxembourg<\/li><li>Gemeente Zwalm<\/li><\/ul>\n\n\n\n<p><strong>With the support of \/ Met de steun van<\/strong><\/p>\n\n\n\n<ul class=\"wp-block-list\"><li>Ambassade van het Koninkrijk der Nederlanden<\/li><li>Ambassade de France, d\u00e9l\u00e9gation cultureel et p\u00e9dagogique<\/li><li>Cera Holding<\/li><li>Copec, cultuur uit Cataloni\u00eb<\/li><li>Die Keure, Brugge<\/li><li>Duvel<\/li><li>Fondation Independance, Luxembourg<\/li><li>Generalitat de Catalunya, Departement de Cultura<\/li><li>Kunst, Eupen: IKOB &#8211; Museum f\u00fcr Zeitgen\u00f6ssische Kunst, Eupen<\/li><li>Iselp, Institut sup\u00e9rieur pour l&#8217;\u00e9tude du langage plastique asbl, Bruxelles<\/li><li>Jan De Nul Group<\/li><li>KBC<\/li><li>Minist\u00e8re de la Culture, France<\/li><li>Ministerie van de Vlaamse Gemeenschap, afdeling kunsten en erfgoed<\/li><li>Minist\u00e8re de la Communaut\u00e9 fran\u00e7aise<\/li><li>Minist\u00e8re de la Culture, de l&#8217;Enseignement sup\u00e9rieur et de la Recherche, Grand Duch\u00e9 de Luxembourg<\/li><li>Nationale Loterij cree\u00ebrt kansen<\/li><li>Noordstarfonds vzw, Gent<\/li><li>Prins Bernardfonds, Nederland<\/li><li>Provincie Oost-Vlaanderen<\/li><li>Roelandt Wim en Paul, interieurbouw, Zottegem<\/li><li>R\u00e9gion Haute Normandie<\/li><li>Toerisme Oost-Vlaanderen<\/li><\/ul>\n\n\n\n<p><strong>Partners Europe<\/strong><\/p>\n\n\n\n<p>2010 was the start of the European project Interreg IVa \u20182 Mers Seas Zee\u00ebn\u2019 Cross-boarder cooperative programme 2007-2013. This project is a cooperation between Aspex (Porthsmouth), Boem vzw (Kunst&amp;Zwalm), Fabrica (Brighton), L\u2019H du Si\u00e8ge (Valenciennes), La Malterie (Lille) and Netwerk (Aalst). United by the motto \u2018Investing in your future\u2019 sustainable strategies for audience paticipation are developed.<\/p>\n\n\n\n<ul class=\"wp-block-list\"><li><a rel=\"noreferrer noopener\" href=\"http:\/\/www.fabrica.org.uk\/\" target=\"_blank\">Fabrica, Brighton (UK)<\/a><\/li><li><a rel=\"noreferrer noopener\" href=\"http:\/\/www.aspex.org.uk\/\" target=\"_blank\">Aspex, Portsmouth (UK)<\/a><\/li><li><a rel=\"noreferrer noopener\" href=\"http:\/\/www.lamalterie.com\/\" target=\"_blank\">La Malterie, Lille (FR)<\/a><\/li><li><a rel=\"noreferrer noopener\" href=\"http:\/\/www.hdusiege.org\/\" target=\"_blank\">L&#8217;H du Si\u00e8ge, Valenciennes (FR)<\/a><\/li><li><a rel=\"noreferrer noopener\" href=\"http:\/\/www.netwerk-art.be\/nl\" target=\"_blank\">Netwerk, Aalst (BE)<\/a><\/li><li><a rel=\"noreferrer noopener\" href=\"http:\/\/iriscan.org\/\" target=\"_blank\">Iris, Contemporary Art Network<\/a><\/li><\/ul>\n\n\n\n<p><strong>Local visual arts organisations<\/strong><\/p>\n\n\n\n<ul class=\"wp-block-list\"><li><a rel=\"noreferrer noopener\" href=\"http:\/\/www.ename974.org\/Ndl\/pagina\/info_enameactueel_2009.html\" target=\"_blank\">Ename Actueel<\/a><\/li><li><a rel=\"noreferrer noopener\" href=\"http:\/\/www.versus-v.be\/\" target=\"_blank\">Versus<\/a><\/li><\/ul>\n\n\n\n<p><strong>Other visual arts organisations<\/strong><\/p>\n\n\n\n<ul class=\"wp-block-list\"><li><a rel=\"noreferrer noopener\" href=\"http:\/\/www.bamart.be\/\" target=\"_blank\">BAM<\/a><\/li><li><a rel=\"noreferrer noopener\" href=\"http:\/\/www.smak.be\/\" target=\"_blank\">SMAK<\/a><\/li><li><a rel=\"noreferrer noopener\" href=\"http:\/\/www.kunstwerkt.be\/\" target=\"_blank\">Kunstwerk(t)<\/a><\/li><li><a rel=\"noreferrer noopener\" href=\"http:\/\/www.museumdd.be\/\" target=\"_blank\">MDD<\/a><\/li><li><a rel=\"noreferrer noopener\" href=\"http:\/\/www.stuk.be\/\" target=\"_blank\">STUK<\/a><\/li><li><a rel=\"noreferrer noopener\" href=\"http:\/\/www.voorkamer.be\/\" target=\"_blank\">Voorkamer<\/a><\/li><li><a rel=\"noreferrer noopener\" href=\"http:\/\/www.iselp.be\/\" target=\"_blank\">ISELP<\/a><\/li><li><a rel=\"noreferrer noopener\" href=\"http:\/\/www.lorangerie-bastogne.be\/\" target=\"_blank\">L\u2019Orangerie<\/a><\/li><li><a rel=\"noreferrer noopener\" href=\"http:\/\/www.caclb.be\/\" target=\"_blank\">Centre d\u2019Art Contemporain du Luxembourg belge<\/a><\/li><li><a rel=\"noreferrer noopener\" href=\"http:\/\/bps22.hainaut.be\/\" target=\"_blank\">BPS22<\/a><\/li><\/ul>\n\n\n\n<p><strong>Arts publications<\/strong><\/p>\n\n\n\n<ul class=\"wp-block-list\"><li><a rel=\"noreferrer noopener\" href=\"http:\/\/www.aprior.org\/\" target=\"_blank\">Aprior magazine<\/a><\/li><li><a rel=\"noreferrer noopener\" href=\"http:\/\/www.kunsthart.org\/\" target=\"_blank\">(h)art magazine<\/a><\/li><\/ul>\n\n\n\n<p><strong>Tourist info<\/strong><\/p>\n\n\n\n<ul class=\"wp-block-list\"><li><a rel=\"noreferrer noopener\" href=\"http:\/\/vlaamse-ardennen.blogspot.com\/\" target=\"_blank\">Vlaamse Ardennen Blogspot<\/a><\/li><li><a rel=\"noreferrer noopener\" href=\"http:\/\/www.toerismevlaamseardennen.be\/\" target=\"_blank\">Toerisme Vlaamse Ardennen<\/a><\/li><li><a rel=\"noreferrer noopener\" href=\"http:\/\/www.rlva.be\/\" target=\"_blank\">Regionaal Landschap Vlaamse Ardennen<\/a><\/li><li><a rel=\"noreferrer noopener\" href=\"http:\/\/www.vlaamseardennenplus.be\/\" target=\"_blank\">Vlaamse Ardennen<\/a><\/li><li><a rel=\"noreferrer noopener\" href=\"http:\/\/www.visitgent.be\/\" target=\"_blank\">Stad Gent<\/a><\/li><\/ul>\n\n\n\n<p><strong>Bed &amp; Breakfast<\/strong><\/p>\n\n\n\n<ul class=\"wp-block-list\"><li><strong>De Wingerd<\/strong>, Dikkelsebaan 3, Dikkele &#8211; 055 49 91 24 &#8211; info@dewingerd-logement.be<\/li><li><strong>De Notelaar<\/strong>, Biestmolenstraat 14, Nederzwalm &#8211; 055 33 05 22 &#8211; info@de-notelaar.be<\/li><li><strong>Kloosterhoeve<\/strong>, Rozebekeplein 11, Rozebeke &#8211; 055 49 64 62 &#8211; info@kloosterhoeve.com<\/li><li><strong>Latemberg<\/strong>, Steenstraat 6, Sint-Maria-Latem &#8211; 055 49 56 72 &#8211; marina.maximova@latemberg.be<\/li><li><strong>&#8217;t Latemsdal<\/strong>, Paulatemstraat 33, Paulatem &#8211; 055 49 54 57 &#8211; info@latemsdal.be<\/li><li><strong>\u2019t Schoon leven<\/strong>, Borstekouterstraat 49, Roborst &#8211; 055 49 96 51 &#8211; schoon.leven@skynet.be<\/li><li>&#8216;<strong>t Heufke<\/strong>, Vredesplein 26, Sint-Denijs-Boekel &#8211; 055 49 69 57 &#8211; info@theufke.be<\/li><li><strong>Riverside Guesthouse<\/strong>, Oude Scheldestraat 15, Meilegem &#8211; 055 21 81 55 &#8211; riversideguesthouse@telenet.be<\/li><li><strong>Johans&#8217; Lodge<\/strong>, Boekelbaan 73, Sint-Blasius-Boekel &#8211; 0486 16 20 73 &#8211; info@johanslodge.be<\/li><li><strong>Sint-Blasiushof<\/strong>, Boekelbaan 114c, Sint-Blasius-Boekel &#8211; 0474 39 38 51 &#8211; www.sintblasiushof.be<\/li><\/ul>\n","protected":false},"excerpt":{"rendered":"<p>With the collaboration of \/ In samenwerking met Cabinet d&#8217;Art Contemporain, Brussels De Kaaihoeve, provinciaal natuureducatief centrum, Zwalm Departement Leefmilieu en Infrastructuur van de Vlaamse Gemeenschap, afdeling water Galerie Duchamp, Yvetot, France Fundacio Espais d&#8217;art contemporani, Girona Netwerk \/centrum voor hedendaagse kunst, Aalst l&#8217;Orangerie espace d&#8217;art contemporain, Bastogne Service d&#8217;animation culturelle r\u00e9gionale (Nord) du Minist\u00e8re &hellip; <a href=\"https:\/\/www.kunst-en-zwalm.be\/wordpress\/vorige-edities\/archief-partners-1997-2011\/\" class=\"more-link\">Verder lezen <span class=\"screen-reader-text\">[ARCHIEF] Partners 1997-2011<\/span><\/a><\/p>\n","protected":false},"author":1,"featured_media":0,"parent":864,"menu_order":0,"comment_status":"closed","ping_status":"closed","template":"","meta":{"footnotes":""},"class_list":["post-2613","page","type-page","status-publish","hentry"],"_links":{"self":[{"href":"https:\/\/www.kunst-en-zwalm.be\/wordpress\/wp-json\/wp\/v2\/pages\/2613","targetHints":{"allow":["GET"]}}],"collection":[{"href":"https:\/\/www.kunst-en-zwalm.be\/wordpress\/wp-json\/wp\/v2\/pages"}],"about":[{"href":"https:\/\/www.kunst-en-zwalm.be\/wordpress\/wp-json\/wp\/v2\/types\/page"}],"author":[{"embeddable":true,"href":"https:\/\/www.kunst-en-zwalm.be\/wordpress\/wp-json\/wp\/v2\/users\/1"}],"replies":[{"embeddable":true,"href":"https:\/\/www.kunst-en-zwalm.be\/wordpress\/wp-json\/wp\/v2\/comments?post=2613"}],"version-history":[{"count":1,"href":"https:\/\/www.kunst-en-zwalm.be\/wordpress\/wp-json\/wp\/v2\/pages\/2613\/revisions"}],"predecessor-version":[{"id":2614,"href":"https:\/\/www.kunst-en-zwalm.be\/wordpress\/wp-json\/wp\/v2\/pages\/2613\/revisions\/2614"}],"up":[{"embeddable":true,"href":"https:\/\/www.kunst-en-zwalm.be\/wordpress\/wp-json\/wp\/v2\/pages\/864"}],"wp:attachment":[{"href":"https:\/\/www.kunst-en-zwalm.be\/wordpress\/wp-json\/wp\/v2\/media?parent=2613"}],"curies":[{"name":"wp","href":"https:\/\/api.w.org\/{rel}","templated":true}]}}